4.
2
Let h = 2590 + -2562. Calculate the highest common divisor of 8078 and h.
14
Let z(l) be the first derivative of l**4/4 + 8*l**3/3 - 10*l**2 + 9*l + 202. Let s be z(-10). Calculate the highest common factor of 315 and s.
9
Suppose -16014 = -66*m - 36*m. What is the highest common divisor of 26219 and m?
157
Suppose 25 = -33*r + 38*r. Suppose -4*x = -2*p + r*p + 11, x - 4*p - 21 = 0. What is the highest common factor of 11 and x?
1
Let q be (-3)/((-27)/(-6))*(12 + (-284925)/58). Calculate the greatest common factor of 81 and q.
27
Suppose 5*m - 1240 = -3*n, 0 = -37*n + 36*n + 2*m + 428. Let h(c) = 31*c**2 - c. Let w be h(1). What is the highest common divisor of n and w?
30
Suppose -c = -2 - 0. Suppose -7*l - 9*l = -19536. Suppose 0 = 5*k - 1301 + l. Calculate the greatest common factor of k and c.
2
Suppose 154*d + 7*d = 13524. Suppose -3*f - 12 = -75. What is the highest common divisor of f and d?
21
Suppose g + 4*k = 41, -4*g + 3*k + 145 = 76. Let r(x) = -x**2 + 37*x + 50. Let d be r(26). Calculate the greatest common factor of g and d.
21
Suppose -389 = -4*v + 3*q, 3*q = 14*v - 12*v - 193. Calculate the greatest common divisor of v and 2.
2
Suppose -a = 27 - 10. Let w = 31 - a. Suppose 78*o - 58*o - 1440 = 0. What is the highest common divisor of w and o?
24
Let h(f) = 46*f - 304. Let u be h(7). Let l(b) = 0*b + 5*b**2 + 3*b - b**2. Let o be l(-3). Calculate the greatest common factor of u and o.
9
Suppose 5*v + 38 = 88. Let a be ((-102)/v)/(26/(-1170)). What is the greatest common factor of a and 102?
51
Suppose 31 = 8*m + 31. Suppose -4*s = 4, m*k - k + 30 = -4*s. What is the greatest common factor of k and 208?
26
Suppose -2*l + 3*p + 1140 = 0, 13*l - 15*l = 3*p - 1092. Calculate the greatest common factor of 434 and l.
62
Suppose 44*d - 197717 = -40*d + 17*d. Calculate the highest common factor of 13 and d.
13
Let w be (-511)/56 - -9 - 5433/(-8). Let f be ((-12)/(-21))/(18/6111). Calculate the highest common factor of w and f.
97
Let c(r) = r**2 + 29*r - 52. Let i be c(-31). Suppose -g = 3*g - 520. What is the greatest common divisor of i and g?
10
Let w be (-1)/(5 + 174/(-36)). Let f(b) = -22*b - 39. Let m be f(w). Calculate the highest common divisor of m and 3.
3
Let b(l) = l**3 + 11*l**2 + 12*l + 8. Let m be b(-8). What is the highest common factor of m and 26?
26
Let f(b) = 44*b**2 + b + 3. Let z be f(2). Suppose -4*n + 1575 = 191. Let w = n - z. Calculate the greatest common factor of w and 66.
33
Let y = 20403 - 10485. Calculate the greatest common factor of 228 and y.
114
Let q(x) = 302*x + 940. Let l be q(-3). Calculate the greatest common divisor of l and 1258.
34
Suppose -43*p = -42*p - 90. Let k be ((-3)/(-2))/((-27)/p). Let t be 6 + 0*k/(-20). What is the greatest common factor of t and 48?
6
Let q be (22/(-3))/(5/(75/(-10))). Suppose q*t - 5*t = 0. Suppose 260 = 4*v + 3*j, t = -4*v - j + 6*j + 260. What is the highest common divisor of 26 and v?
13
Suppose -988 = -4*v + 132. Let m be v/(-105)*(-133*1 + 1). What is the highest common factor of m and 33?
11
Suppose 10*i + 4134 = 13*i. Suppose 4*c + 5*y - 72 = 0, -3*c - 25 + 84 = 5*y. Calculate the greatest common factor of c and i.
13
Let y(p) = p**3 - 6*p + 5. Let x be y(3). Let j be ((-48)/21)/((-4)/x). Calculate the highest common factor of 1 and j.
1
Suppose -87 = -2*n - k, -k = 5*n + k - 218. Suppose -2*p = 4*z + n, -5*p - 14 = z + z. Let b = z - -20. Calculate the highest common factor of 2 and b.
2
Suppose 68445 = 33*o - 31*o + 63*o. Calculate the greatest common divisor of o and 143.
13
Suppose 0 = 5*l - 4*i - 786, 118*i - 119*i - 466 = -3*l. Let s = -68 + 124. Calculate the greatest common factor of l and s.
14
Let d be (4/6)/((-33)/91872). Let q be (-4)/14 - d/224. What is the highest common divisor of q and 28?
4
Suppose -14280 = -135*c + 95*c. What is the highest common factor of c and 255?
51
Let f be 43 + (-9)/(306/1088). Let i = 34 - 23. Calculate the highest common divisor of f and i.
11
Let x = -10 - -32. Let o(s) be the third derivative of s**5/60 - 3*s**4/8 - 5*s**3/2 - 12*s**2. Let u be o(14). Calculate the highest common divisor of u and x.
11
Let h(p) = 2*p - 18. Let r be h(6). Let u be (-68 + 8 + r)*3/(-2). Calculate the highest common divisor of 44 and u.
11
Let d(n) = -296*n + 3168. Let u be d(9). What is the highest common factor of 1476 and u?
36
Let g(m) = -112*m + 303. Let a be g(-9). What is the highest common divisor of 627 and a?
57
Suppose 2*g = -2 - 2. Let r be 2*(-6)/24*g. Suppose 6 + 0 = 2*q. Calculate the highest common divisor of r and q.
1
Suppose m + 6*m = -126. Let r = m + 42. Suppose 521 = 2*b - 7. What is the greatest common divisor of r and b?
24
Let g(a) = 4*a + 3. Let z be g(6). Suppose p - 4*p + z = 0. Let f = -13143 - -13215. What is the highest common divisor of p and f?
9
Let r(o) = 8*o + 100. Let j = -17 + 7. Let a be r(j). What is the highest common divisor of a and 15?
5
Let i be (-76)/10*(5 + 15/(-2)). Suppose -24*t = -i*t - 90. Suppose -t = -3*q + 2*q. What is the greatest common divisor of q and 2?
2
Let d(f) = 13*f**3 + 805*f**2 - 65*f - 135. Let l be d(-62). Calculate the highest common divisor of 2108 and l.
17
Let u(p) = -11*p - 14. Let z be u(0). Let j(t) = -t**3 - 14*t**2 - 20*t - 35. Let f be j(z). Calculate the greatest common factor of 35 and f.
35
Suppose -4*r - 4*i + 196 = -5*i, -4*r + 4*i + 208 = 0. Suppose -53*f = -2*y - r*f + 1226, 5*f - 2422 = -4*y. What is the highest common divisor of 19 and y?
19
Let c(v) = v**3 + 9*v**2 - 13*v + 21. Let t be c(-3). What is the highest common divisor of t and 1026?
114
Suppose 3*g - 49 - 206 = 0. Suppose 0 = 2*y - 89 + 247. Let i = g + y. Calculate the greatest common factor of i and 6.
6
Let m = 5109 - 5009. What is the highest common divisor of 9700 and m?
100
Let i = 3 - -72. Suppose 32 = 4*a - 3*z, 3 + 5 = 2*z. Suppose 5 = a*o - 160. Calculate the greatest common divisor of o and i.
15
Let n be (-4)/(-7) + -9*(-40)/252. Let u be 4*n - (-17 + 14). Suppose r - 1 = -2, 4*t + 1 = -5*r. Calculate the greatest common factor of t and u.
1
Suppose -16 = -392*i + 396*i, -2*k + 116 = -4*i. What is the highest common factor of 20 and k?
10
Let l = -15043 + 15100. Calculate the highest common divisor of l and 9519.
57
Let g(j) = -j**3 - 6*j**2 + 3*j + 22. Let p be g(-6). What is the highest common divisor of 146 and p?
2
Suppose -3*z = -5*l + 1650, -19*l - 5*z = -24*l + 1640. Suppose 6*d - 363 = l. Calculate the highest common factor of d and 16.
4
Suppose -304 = -2*c - 4*f, 0 = 3*c - 3*f - 282 - 120. What is the greatest common factor of 168 and c?
28
Let v = 7477 - 6702. What is the greatest common divisor of 31 and v?
31
Suppose -391 + 8 = 25*d + 1817. Let p(l) = l + 5. Let t be p(-4). Let x be d/(-16)*30/t. What is the greatest common divisor of 66 and x?
33
Let b = -12624 - -12694. What is the greatest common factor of b and 805?
35
Suppose 4685 = 30*o + 905. What is the greatest common divisor of 196 and o?
14
Suppose 0 = 8*v - 14 - 2650. Let j = 421 - v. What is the greatest common factor of j and 792?
88
Suppose 13 - 4 = -9*v. Let t be v/(1 + 3/150*-51). Suppose 2*h = -2*h + 3*m + 37, h - 5*m = 5. What is the greatest common divisor of t and h?
10
Let v(k) = k**3 + 10*k**2 + 17*k + 7. Let r = -45 + 37. Let p be v(r). Let y = 1 - p. What is the highest common factor of 5 and y?
1
Let h be ((-40)/6)/(1/(-3)). Let w(t) = -171*t**2 + 3106*t - 44. Let p be w(18). Calculate the highest common divisor of p and h.
20
Suppose -2*x = x + 6, -2*z = x - 14. Let q(a) = 132*a + 5220. Let k be q(-39). What is the highest common divisor of z and k?
8
Let u(k) = -2*k + 41. Let q be u(23). Let s be (q - -7) + (-9 - -1). Let y be ((s - -21)/3)/((-2)/(-4)). What is the highest common factor of y and 4?
2
Let a = -22765 - -22864. What is the greatest common divisor of 1331 and a?
11
Let v be 2 + -10 + 2205 - (5 + -6). Calculate the greatest common factor of v and 14.
14
Let i = 44 + -25. Let c = -459 - -476. Suppose c + 59 = 4*j. What is the highest common factor of j and i?
19
Let k(t) = t**3 - 2*t + 110. Let u be k(0). Suppose 105*n = u*n - 1620. Let g be (12/(-5))/((-2)/30). What is the greatest common divisor of g and n?
36
Suppose 3 = 59*w - 60*w, -5*w = -5*z + 24270. Calcul